t).
11
Let k be ((-400)/24)/(-5)*(-12)/20. Let d(s) = 15*s + 7. Calculate d(k).
-23
Let t(i) be the first derivative of 7/3*i**3 + 0*i - 17 + 1/2*i**2. Give t(1).
8
Let w(f) = 9*f - 9. Let z(u) = -u**2 - 152*u - 1148. Let i be z(-8). What is w(i)?
27
Let b(y) be the first derivative of -y**4/4 + 11*y**3 - 35*y**2/2 + 95*y + 5636. Determine b(32).
-1
Let i(a) be the second derivative of -a**3/6 + 9*a**2/2 - a. Suppose 415*j = -402*j - 813 - 5723. Give i(j).
17
Let l(g) = -g**3 + 17*g**2 - 17*g + 11. Let z be l(16). Let s be 10/(-4)*(6 + z - -1). Let d(p) = p**2 + 8*p - 2. What is d(s)?
-17
Suppose -6*c - 24*c = -11*c - 114. Let m(o) = -o**3 + 5*o**2 + 2*o + 2. What is m(c)?
-22
Let m be 2*((-142)/8 + 39/(-52)). Let p be (m + 7)/(-2 + -1). Let f(d) = d**3 - 10*d**2 + d - 9. Give f(p).
1
Let b(g) = -g**2 + 8*g - 6. Suppose 4*p - 9 = 23. Let y be b(p). Let f(q) = 2*q + 4*q + 140 + q**2 - 136. Determine f(y).
4
Suppose 19*r - 16 = 17*r. Suppose r*p - p = 21. Let v(l) = -2 + l**2 + 0 - 3 + 3*l + p. Give v(-4).
2
Let j(a) be the first derivative of 5*a**4/2 + a - 1. Let c(q) = q**3 - 13*q**2 - 10*q - 31. Let f be c(-5). Let b = -432 - f. What is j(b)?
-9
Let b(r) = -4 + 1 - 3 + 33*r - 67*r + 33*r. Determine b(-11).
5
Let b(r) = 19*r - 397. Suppose 508 + 65 = 36*p - 183. Determine b(p).
2
Let p(b) be the second derivative of 1/6*b**3 + 0*b**2 - 4*b + 0. Suppose 5*y = -4*q - 13, 2*y + 11 = 3*q - 8. Calculate p(y).
-5
Let i be 1720/26 + 4 + (-162)/39. Suppose 57 - i = 3*h. Let g(j) = j**3 + j**2 - j + 4. Determine g(h).
-11
Let p(r) be the second derivative of 9/2*r**2 + 32 + 2*r - 5/12*r**4 - 1/20*r**5 + 4/3*r**3. Let s = 0 - 6. Determine p(s).
-3
Let z = -11921 + 11916. Let r(b) = -b**3 - 7*b**2 - 4*b + 1. Let k(x) = 4*x**3 + 28*x**2 + 15*x - 4. Let p(d) = -2*k(d) - 9*r(d). Calculate p(z).
19
Let n(u) = -80*u + 7. Let q be ((-110)/99 - (-16)/9)*(-6)/4. What is n(q)?
87
Let f(p) = -p**3 + 5*p**2 + 2*p + 17. Suppose -390*a - 285 = -447*a. Give f(a).
27
Let h(d) = -8 - 67*d + 5 + 32*d + 1. Give h(-1).
33
Let m(g) = -g**2 + 11*g - 14. Suppose -273*u = -279*u + 408. Suppose 0 = -26*l + 192 + u. What is m(l)?
-4
Suppose -y + 63 = 53. Let z(p) = 4*p + 0*p**2 - p**2 + 4*p + y + p. Calculate z(9).
10
Let a be 1*153/((-2550)/(-50)). Let q(f) be the third derivative of -f**4/24 + f**3/3 - f**2. Calculate q(a).
-1
Let x(y) = 16*y**2 - 5*y**2 + 55*y - 21*y - 18*y. Give x(-3).
51
Let j(u) = -23*u - 46*u**3 + 47*u**3 + 3 - 7*u**2 + 38*u**2 - 2 - 10*u**2. What is j(-22)?
23
Let o(x) be the third derivative of x**5/20 - 17*x**4/24 + 7*x**3/6 + 43*x**2 - 5*x + 3. What is o(5)?
-3
Suppose -4*o = -2*t + 14, 11*o - 8*o = 3*t - 12. Let a(k) = -k**3 - 10*k**2 + 11*k + 2. Let w be a(-11). Let n(y) = -7 - y**w - 3*y + 2 + 2. Calculate n(o).
-3
Let v(s) = -77*s + 156*s - 80*s. Suppose t - 7 = -4*t + 2*q, 16 = 4*t + q. Let x(l) = -2*l + 12. Let j be x(t). Give v(j).
-6
Let u(k) be the second derivative of k**5/20 + 25*k**4/12 - 28*k**3/3 - 29*k**2 - k + 101. What is u(-27)?
-4
Let l(a) be the second derivative of 1/6*a**3 + 0 + 12*a**2 + 55*a. What is l(-16)?
8
Let c(q) = -2600 - 2609 + q**2 - 2642 - 12*q + 7811. Give c(17).
45
Let l(s) be the third derivative of s**5/60 + s**4/24 + 4*s**3/3 - 236*s**2 + 3*s. Give l(6).
50
Let i(x) = -x**3 - 12*x**2 - 11*x + 12. Let c(f) = f**3 - 20*f**2 + 89*f - 39. Let q be c(6). What is i(q)?
-132
Let o(w) be the second derivative of -w**5/20 - 2*w**4/3 - w**3/2 - 17*w**2/2 - 257*w. Calculate o(-8).
7
Let v(z) be the third derivative of -67*z**5/60 - z**4/12 + z**3/6 - 2241*z**2. Calculate v(1).
-68
Let a(o) = 24 + 3*o + o**3 + 24 - 114 + 20 + 31 + 9*o**2. Determine a(-8).
25
Let g(i) = -i + 5. Suppose -4 = -12*m + 14*m, 0 = -4*o + 5*m + 306. Suppose -91 = 67*l - o*l. Give g(l).
-8
Suppose 10 = -7*k + 9*k. Suppose k*b + n + 48 = 0, 13*n - 21 = b + 17*n. Let g(a) be the third derivative of -a**5/60 - 5*a**4/12 - a**3/6 + 2*a**2. Give g(b).
8
Let f(l) be the third derivative of -3*l**5/20 + l**4/6 + 2*l**3/3 - 1791*l**2. Determine f(-3).
-89
Let w be 48/20*5/3. Let k(r) = 5 + 2*r - 4 + 2 + w. Let o(n) = n**3 - 9. Let h be o(0). Calculate k(h).
-11
Let j be 0 - (0 + (4 - 3)). Let c be 0/(j - (-2)/(-2)). Let w(q) = -4 + 4*q + 9*q + 5*q + 10*q - 27*q. Calculate w(c).
-4
Let p(l) = l**3 + 37*l**2 + 213*l + 92. Let d be p(-30). Let h(v) = -v**2 + v. Let r(k) = -4*k**2 + 2*k - 3. Let t(c) = -h(c) - r(c). Determine t(d).
17
Suppose -3*o - p - 37 = 0, -o = -4*p - p - 9. Let i(b) = 41*b**2 - 15*b - 11. Let n(y) = 109*y**2 - 44*y - 32. Let w(d) = -8*i(d) + 3*n(d). Calculate w(o).
3
Suppose -4*u + 3*k = -5*u + 10, -4*k = u - 11. Let l(r) = 5*r**2 + 14*r - 45. Let y(i) = -3*i**2 - 4*i + 21. Let a(x) = -l(x) - 2*y(x). Calculate a(u).
10
Let w(k) = -3*k - 29. Let y be 0/(-6) + (-8)/(-40) - (-124)/(-20). Determine w(y).
-11
Suppose 8*h - 73 = 3*h - 2*m, -5*h = -m - 76. Suppose -h*r + 209 = -4*r. Suppose 0 = 9*k + r + 17. Let d(q) = -q**3 - 5*q**2 - 5*q - 2. What is d(k)?
2
Let r(w) = -10*w - 6*w - 3 + 2*w - 11*w. Determine r(-1).
22
Let p(g) be the first derivative of 0*g - 1/60*g**5 - 1/12*g**4 - 18*g**2 + 1/6*g**3 + 5. Let x(a) be the second derivative of p(a). What is x(1)?
-2
Suppose -r = 3*x + 174, 2*x - 10 = -2. Let i = 196 + r. Let a(f) = -f**3 + 9*f**2 + 12*f - 12. What is a(i)?
8
Let j(u) be the first derivative of -u**3/3 + 11*u**2/2 - 4*u + 7. Let i(p) = p**2 - 7*p - 217. Let h be i(19). Determine j(h).
-4
Let r(s) be the third derivative of 19*s**4/24 - 3*s**3/2 - 288*s**2 + 4*s. Calculate r(-1).
-28
Suppose -5*s + 5*o - 2 = 13, -3*s - 3*o = -21. Suppose 2*j - 12 = -s*j. Let a be (2/j)/((-3 + 1)/6). Let l(b) = b**2 - 2*b + 1. Give l(a).
9
Let x be -24*(76/(-12) - -6). Suppose 9*u - 8*u - x = 0. Let b(p) = -4*p + 12. Calculate b(u).
-20
Let s = 62 - 50. Suppose 5*h + s + 14 = v, -3*h - 13 = 2*v. Let f(r) = -56*r - 54*r + 113*r + 5. Calculate f(h).
-10
Let p(q) = q**3 - 8*q**2 - 6*q + 29. Let b(u) = -66*u - 652. Let w be b(-10). Calculate p(w).
-19
Let m(s) = 283*s - 1977. Let w be m(7). Let a = 9 - 4. Let p(f) = 5 - 6*f + a*f - 3. Determine p(w).
-2
Let o = 731 + -729. Let w(f) = -f**2 - f + 3. Let y(h) = -5*h**2 + h + 10. Let z(m) = -4*w(m) + y(m). Calculate z(o).
4
Let b(q) = -2*q**3 - 3*q**2 + 29*q - 38. Let i be b(-5). Let j(c) = c**3 + 6*c**2 - 17*c + 3. Calculate j(i).
11
Let d(y) be the second derivative of y**3 - 7/12*y**4 + 1/2*y**2 + 3 + 1/20*y**5 + 10*y. Give d(6).
1
Let w(p) = -5*p - 13. Let i(m) = 28*m + 13. Let d be i(4). Let g = 121 - d. What is w(g)?
7
Suppose 100*g - 27 = 273. Let b(l) = l**3 - 4*l**2 - 6*l + 28. Calculate b(g).
1
Let l(z) be the first derivative of -z**4/2 - 3*z**3 - 5*z**2 + 8*z - 1365. Calculate l(-3).
11
Suppose -22*j = -602 + 558. Let a(f) be the second derivative of 0 + 4*f + 0*f**j + 1/6*f**3. Give a(-6).
-6
Let v(f) = -2*f + 1. Let o be (-6 - -12)*3/(-3). Let k be 5/15 + (-118)/o. Suppose 0 = -d + 3*d + 6, 2*b = 4*d + k. Determine v(b).
-7
Let l be 1/(-2) + ((-11)/2 - -2). Let a(o) = -o - 1. Calculate a(l).
3
Let u(n) = -n**2 - 6*n + 1. Suppose -8*l = 3*l - 913. Suppose -9*r + 20 = l. What is u(r)?
-6
Suppose -2*s - 3*n = -s + 21, -s = -5*n + 5. Let y(g) = g**2 + 17*g + 34. Let b be y(s). Let z be ((-17)/(-34))/(2/b + -1). Let h(m) = 5*m. Give h(z).
-5
Let m(o) = 8*o**3 - 8*o**2 + 9*o - 15. Let d(i) = -10*i**3 + 6*i**2 - 11*i + 16. Let n(b) = -5*d(b) - 4*m(b). What is n(1)?
19
Let i(l) = 60*l + 48. Let w(p) = -41*p - 34. Let z(s) = 5*i(s) + 7*w(s). Give z(-4).
-50
Let i(a) = a**2 - 6*a + 7. Let u be ((-108)/90)/((-3)/(-1165)). Let d = -464 - u. Give i(d).
-1
Let s(k) be the first derivative of -9*k**2/2 + 3*k + 11. Let x be (-14)/(-15) - 4/(-60). Give s(x).
-6
Let v(p) be the first derivative of p**3/3 - 4*p**2 - 5*p + 4. Let s be 129*((-6)/3)/6. Let n = s - -51. Calculate v(n).
-5
Let t(x) = -237*x - 40. Let m(y) = 286*y + 41. Let a(h) = -5*m(h) - 6*t(h). Give a(5).
-5
Suppose g + 3 = -2. Let a(j) be the first derivative of j**4/4 + j**3 - 13*j**2/2 - 4*j + 1008. Give a(g).
11
Let o(f) = -1 + 4*f**2 - 4*f**2 + 2*f + 0*f**2 - f**2. Suppose 6*x = -3*x - x. Suppose x = -5*p + 3*s - 2*s + 11, -3*s = -4*p. Calculate o(p).
-4
Let r(m) = -62 - 54 + 164 - 25*m - 54 + 30*m. Give r(3).
9
Let b(c) = 483*c + 11*